{"id":6566,"date":"2020-06-29T18:26:56","date_gmt":"2020-06-29T21:26:56","guid":{"rendered":"http:\/\/www.bikeabc.com.br\/loja\/?page_id=6566"},"modified":"2020-06-30T15:52:36","modified_gmt":"2020-06-30T18:52:36","slug":"como-comprar-na-loja","status":"publish","type":"page","link":"https:\/\/www.bikeabc.com.br\/loja\/como-comprar-na-loja\/","title":{"rendered":"Como comprar na loja"},"content":{"rendered":"\t\t<div data-elementor-type=\"wp-page\" data-elementor-id=\"6566\" class=\"elementor elementor-6566\" data-elementor-settings=\"[]\">\n\t\t\t<div class=\"elementor-inner\">\n\t\t\t\t<div class=\"elementor-section-wrap\">\n\t\t\t\t\t\t\t<section class=\"has_ae_slider elementor-element elementor-element-54b14fc0 elementor-section-boxed elementor-section-height-default elementor-section-height-default ae-bg-gallery-type-default elementor-section elementor-top-section\" data-id=\"54b14fc0\" data-element_type=\"section\">\n\t\t\t\t\t\t<div class=\"elementor-container elementor-column-gap-default\">\n\t\t\t\t<div class=\"elementor-row\">\n\t\t\t\t<div class=\"has_ae_slider elementor-element elementor-element-538e8b7f ae-bg-gallery-type-default elementor-column elementor-col-100 elementor-top-column\" data-id=\"538e8b7f\" data-element_type=\"column\">\n\t\t\t<div class=\"elementor-column-wrap  elementor-element-populated\">\n\t\t\t\t\t<div class=\"elementor-widget-wrap\">\n\t\t\t\t<div class=\"elementor-element elementor-element-f7dad43 elementor-widget elementor-widget-text-editor\" data-id=\"f7dad43\" data-element_type=\"widget\" data-widget_type=\"text-editor.default\">\n\t\t\t\t<div class=\"elementor-widget-container\">\n\t\t\t\t\t<div class=\"elementor-text-editor elementor-clearfix\"><p>COMPRAR em nossa loja virtual \u00e9 r\u00e1pido, pr\u00e1tico e totalmente seguro. Ela Funciona 24 horas.<\/p><p>Realize o seu cadastro sem compromisso e fa\u00e7a o seu login, conhe\u00e7a e explore bem a loja toda!<\/p><p>Ap\u00f3s realizar a sua COMPRA voc\u00ea ter\u00e1 as op\u00e7\u00f5es de pagamento oferecidas pelo PagSeguro ou PayPal com o valor da despesa de envio (SEDEX ou PAC) j\u00e1 inclusa.<\/p><p>* Como Comprar em Nossa Loja:<\/p><p>Navegue na Loja e escolha o seu produto<\/p><p><span style=\"font-family: 'Noto Sans'; font-size: 15px; font-style: normal; font-variant-ligatures: normal; font-variant-caps: normal; font-weight: 400;\">1-) Clique no bot\u00e3o &#8220;<strong>COMPRAR&#8221;;<\/strong><\/span><\/p><p><span style=\"font-family: 'Noto Sans'; font-size: 15px; font-style: normal; font-variant-ligatures: normal; font-variant-caps: normal; font-weight: 400;\">2-) Se quiser ver mais produtos clique em &#8220;<strong>CONTINUAR COMPRANDO!&#8221;<\/strong>, mas se j\u00e1 escolheu tudo que precisa clique em &#8220;<strong>VER CARRINHO&#8221;;<\/strong><\/span><\/p><p>3-) Confira seus produtos no Carrinho, voc\u00ea pode aumentar a quantidade se quiser, procure o campo <strong>&#8220;DIGITE SEU CEP AQUI&#8221;<\/strong>, ent\u00e3o digite seu CEP como por exemplo:\u00a0 09400-110 e clique no bot\u00e3o <strong>&#8220;CALCULAR FRETE&#8221;<\/strong>, agora voc\u00ea pode observar que um pouco acima do seu CEP e acima da op\u00e7\u00e3o &#8220;Retirar no local&#8221;, apareceram op\u00e7\u00f5es de Entrega, como as mais comuns: SEDEX , PAC, escolha uma delas marcando a bolinha na frente da op\u00e7\u00e3o desejada;<\/p><p>4-) Clique em <strong>&#8220;FINALIZAR COMPRA&#8221;<\/strong> ent\u00e3o abrir\u00e1 uma janelinha para orientar voc\u00ea fazer o seu cadastro ou fazer o seu login caso j\u00e1 tenha comprado conosco antes;<\/p><p>5-)\u00a0<span style=\"background-color: #ffffff; color: #1a1a1a; font-family: 'Noto Sans'; font-size: 15px; font-style: normal; font-variant-ligatures: normal; font-variant-caps: normal; font-weight: 400;\">Mesmo que voc\u00ea ainda n\u00e3o seja cadastrado digite seu E-mail no campo abaixo e clique em <strong>&#8220;CONTINUAR&#8221;;<\/strong><\/span><\/p><p>Aten\u00e7\u00e3o: preencha corretamente seu cadastro, pois n\u00e3o nos responsabilizamos por endere\u00e7o errado ou incompleto, caso o pedido seja devolvido, ser\u00e1 cobrado um novo valor de envio.<\/p><p>6-) Depois de digitar seu e-mail, se voc\u00ea \u00e9 novo na loja, dever\u00e1 ver a seguinte mensagem:\u00a0<\/p><h3 style=\"margin-top: 10px; margin-bottom: 30px; font-variant-ligatures: normal; font-variant-caps: normal; font-size: 20px; font-style: normal; background-color: #ffffff;\">Voc\u00ea \u00e9 novo por aqui, ent\u00e3o prossiga e Crie sua conta!<\/h3><p>7-) Escolha uma senha para sua conta, no caso voc\u00ea vai &#8220;criar&#8221; uma senha, anote, pois ela servir\u00e1 para fazer novas compras em nossa loja;<\/p><p>\ud83d\ude0e Ap\u00f3s digitar a SENHA clique em <strong>&#8220;REGISTRAR-SE E AVAN\u00c7AR PARA FINALIZAR A COMPRA&#8221;;<\/strong><\/p><p>9-) Do lado esquerdo voc\u00ea ver\u00e1: <strong>FATURAMENTO E ENVIO:<\/strong> Preencha todos os campos desse formul\u00e1rio, o campo e-mail j\u00e1 deve estar preenchido se voc\u00ea fez corretamente os passos anteriores, caso n\u00e3o esteja, preencha tamb\u00e9m;<\/p><p>10-) Ainda na mesma p\u00e1gina, agora do lado direito voc\u00ea ver\u00e1: <strong>SEU PEDIDO<\/strong>, os itens que voc\u00ea colocou no carrinho de pedidos, voc\u00ea pode tamb\u00e9m aumentar ou diminuir a quantidade;<\/p><p>11) Ainda do <strong>LADO DIREITO<\/strong> da p\u00e1gina, des\u00e7a e escolha forma de pagamento entre elas: PAGSEGURO ou PAYPAL, marque a bolinha do lado do nome da forma de pagamento escolhida e clique no bot\u00e3o <strong>&#8220;REALIZAR PAGAMENTO&#8221;;<\/strong><\/p><p>12-)Abrir\u00e1 uma janela e em ambiente totalmente blindado e seguro para que voc\u00ea forne\u00e7a mais alguns dados bem como, numero de cart\u00e3o e quantidade de parcelas;<\/p><p>13) Ap\u00f3s a confirma\u00e7\u00e3o do Pagamento, iniciaremos a produ\u00e7\u00e3o de seu pedido;<\/p><p>12) Informaremos o andamento do seu pedido via e-mail (que voc\u00ea cadastrou aqui conosco).<\/p><p>13) Assim que seu pedido for postado enviaremos o c\u00f3digo de rastreio.<\/p><p>14) Quando voc\u00ea receber seu produto verifique se a embalagem est\u00e1 intacta e confira o seu pedido!<\/p><p>* Em caso de problemas com seu pedido pedimos que nos comunique imediatamente via e-mail , Telefone ou WhatsApp.<\/p><p>Pronto! Seu pedido chegou e est\u00e1 tudo certo! \ud83d\ude42 Pedimos que envie sua avalia\u00e7\u00e3o, pois \u00e9 muito importante para outras pessoas conhe\u00e7a nosso trabalho.<\/p><p>Caso a sua necessidade seja outra forma de entrega nos comunique pelo e-mail: rocomobike@hotmail.com, pelo telefone ou pelo WhatsApp para verificarmos a possibilidade de entrega e o seu frete.<\/p><p>Existe tamb\u00e9m a possibilidade de COMPRAR na loja virtual e retirar em nossa loja f\u00edsica.<\/p><p>Ao constar em nossos registros de pedidos a devida confirma\u00e7\u00e3o do pagamento, o seu pedido ser\u00e1 preparado em at\u00e9 03 dias \u00fateis e a partir desse momento conta-se o prazo dos Correios, isso significa que se finalizar a compra, mas por algum motivo n\u00e3o efetuar o pagamento, seu pedido ser\u00e1 automaticamente cancelado.<\/p><p>Para outro tipo de pagamento que n\u00e3o conste na loja virtual, entre em contato atrav\u00e9s do nosso e-mail, telefone ou WhatsApp que escolheremos a melhor forma de lhe atender e a imediata libera\u00e7\u00e3o de seu pedido, \u00e9 r\u00e1pido, pr\u00e1tico e seguro.<\/p><p>Encomendas programadas necessitam de um prazo ap\u00f3s a confirma\u00e7\u00e3o do pagamento, antecipe a sua compra, e desde j\u00e1 agradecemos a compreens\u00e3o.<\/p><\/div>\n\t\t\t\t<\/div>\n\t\t\t\t<\/div>\n\t\t\t\t\t\t<\/div>\n\t\t\t<\/div>\n\t\t<\/div>\n\t\t\t\t\t\t<\/div>\n\t\t\t<\/div>\n\t\t<\/section>\n\t\t\t\t\t\t<\/div>\n\t\t\t<\/div>\n\t\t<\/div>\n\t\t","protected":false},"excerpt":{"rendered":"<p>COMPRAR em nossa loja virtual \u00e9 r\u00e1pido, pr\u00e1tico e totalmente seguro. Ela Funciona 24 horas. Realize o seu cadastro sem compromisso e fa\u00e7a o seu login, conhe\u00e7a e explore bem a loja toda! Ap\u00f3s realizar a sua COMPRA voc\u00ea ter\u00e1 as op\u00e7\u00f5es de pagamento oferecidas pelo PagSeguro ou PayPal com o valor da despesa de [&hellip;]<\/p>\n","protected":false},"author":1,"featured_media":0,"parent":0,"menu_order":0,"comment_status":"closed","ping_status":"closed","template":"","meta":{"footnotes":""},"yst_prominent_words":[],"class_list":["post-6566","page","type-page","status-publish","hentry","entry","wvn-thumbs-layout-horizontal","wvn-btn-normal","wvn-tabs-layout-horizontal","has-no-thumbnails"],"_links":{"self":[{"href":"https:\/\/www.bikeabc.com.br\/loja\/wp-json\/wp\/v2\/pages\/6566","targetHints":{"allow":["GET"]}}],"collection":[{"href":"https:\/\/www.bikeabc.com.br\/loja\/wp-json\/wp\/v2\/pages"}],"about":[{"href":"https:\/\/www.bikeabc.com.br\/loja\/wp-json\/wp\/v2\/types\/page"}],"author":[{"embeddable":true,"href":"https:\/\/www.bikeabc.com.br\/loja\/wp-json\/wp\/v2\/users\/1"}],"replies":[{"embeddable":true,"href":"https:\/\/www.bikeabc.com.br\/loja\/wp-json\/wp\/v2\/comments?post=6566"}],"version-history":[{"count":7,"href":"https:\/\/www.bikeabc.com.br\/loja\/wp-json\/wp\/v2\/pages\/6566\/revisions"}],"predecessor-version":[{"id":6592,"href":"https:\/\/www.bikeabc.com.br\/loja\/wp-json\/wp\/v2\/pages\/6566\/revisions\/6592"}],"wp:attachment":[{"href":"https:\/\/www.bikeabc.com.br\/loja\/wp-json\/wp\/v2\/media?parent=6566"}],"wp:term":[{"taxonomy":"yst_prominent_words","embeddable":true,"href":"https:\/\/www.bikeabc.com.br\/loja\/wp-json\/wp\/v2\/yst_prominent_words?post=6566"}],"curies":[{"name":"wp","href":"https:\/\/api.w.org\/{rel}","templated":true}]}}