{"id":6826,"date":"2022-03-25T12:01:09","date_gmt":"2022-03-25T15:01:09","guid":{"rendered":"http:\/\/www.bikeabc.com.br\/loja\/?post_type=product&#038;p=6826"},"modified":"2025-02-24T22:50:31","modified_gmt":"2025-02-25T01:50:31","slug":"sapatilha-ciclismo-mtb-spd-grool-great-catraca-velcro-tam-varios-tamanhos","status":"publish","type":"product","link":"http:\/\/www.bikeabc.com.br\/loja\/produto\/sapatilha-ciclismo-mtb-spd-grool-great-catraca-velcro-tam-varios-tamanhos\/","title":{"rendered":"Sapatilha Ciclismo Mtb Spd Grool Great Catraca Velcro Tam (V\u00e1rios tamanhos)"},"content":{"rendered":"<p>Fabricante: Grool<br \/>\nModelo: Great<br \/>\nTamanho: V\u00e1rios<br \/>\nMaior Prote\u00e7\u00e3o na Regi\u00e3o do Calcanhar<br \/>\nComposi\u00e7\u00e3o: Couro Sint\u00e9tico e Borracha<br \/>\nModalidade: MTB<br \/>\nCor: Preto<br \/>\nPeso: 1061 g.<br \/>\nProced\u00eancia: Nacional<\/p>\n<p>&#8211; Ajuste Por Catraca E Duas Tiras De Velcro<br \/>\n&#8211; Fechamento por catraca<br \/>\n&#8211; Tiras Reflexivas Para Ambientes Escuros<br \/>\n&#8211; Material De Alta Durabilidade e Resist\u00eancia<br \/>\n&#8211; Leve E Confort\u00e1vel<br \/>\n&#8211; Design Moderno<br \/>\n&#8211; Sistema antiderrapante<br \/>\n&#8211; Palmilha anat\u00f4mica<br \/>\n&#8211; Cravos altos<\/p>\n<p>Sua fabrica\u00e7\u00e3o agrega diferentes tecnologias de ponta, permitindo pedalar com muito mais conforto, sem perder o foco no desempenho, seja ele no ciclismo urbano ou Mountain Bike.<\/p>\n<p>Com constitui\u00e7\u00e3o externa em couro sint\u00e9tico, aumenta a durabilidade do produto, mesmo se sujeitado a fortes impactos, umidade e efeitos das intemp\u00e9ries. Seu revestimento interno \u00e9 constitu\u00eddo de manta antimicrobiana proporcionando melhor absor\u00e7\u00e3o de suor e prote\u00e7\u00e3o aos p\u00e9s.<\/p>\n<p>Possui fechamento com uma catraca e duas faixas de velcro, proporcionando um ajuste r\u00e1pido, preciso e confort\u00e1vel.<\/p>\n<p>ROCOMO COM\u00c9RCIO DE BICICLETAS LTDA<br \/>\nLOJA FIS\u00cdCA DESDE 1986<\/p>\n","protected":false},"excerpt":{"rendered":"<p>Fabricante: Grool Modelo: Great Tamanho: V\u00e1rios Maior Prote\u00e7\u00e3o na Regi\u00e3o do Calcanhar Composi\u00e7\u00e3o: Couro Sint\u00e9tico e Borracha Modalidade: MTB Cor: Preto Peso: 1061 g. Proced\u00eancia: Nacional &#8211; Ajuste Por Catraca E Duas Tiras De Velcro &#8211; Fechamento por catraca &#8211; Tiras Reflexivas Para Ambientes Escuros &#8211; Material De Alta Durabilidade e Resist\u00eancia &#8211; Leve E [&hellip;]<\/p>\n","protected":false},"featured_media":6831,"comment_status":"open","ping_status":"closed","template":"","meta":[],"product_brand":[],"product_cat":[84],"product_tag":[204,205,206],"class_list":{"0":"post-6826","1":"product","2":"type-product","3":"status-publish","4":"has-post-thumbnail","6":"product_cat-acessorios","7":"product_tag-sapatilha-para-bicicleta","8":"product_tag-sapatilha-para-bike","9":"product_tag-sapatilha-preta-bike","10":"entry","11":"has-media","13":"first","14":"instock","15":"shipping-taxable","16":"purchasable","17":"product-type-simple","18":"col","19":"span_1_of_3","20":"wvn-content-left","21":"wvn-thumbs-layout-horizontal","22":"wvn-btn-normal","23":"wvn-tabs-layout-horizontal"},"_links":{"self":[{"href":"http:\/\/www.bikeabc.com.br\/loja\/wp-json\/wp\/v2\/product\/6826","targetHints":{"allow":["GET"]}}],"collection":[{"href":"http:\/\/www.bikeabc.com.br\/loja\/wp-json\/wp\/v2\/product"}],"about":[{"href":"http:\/\/www.bikeabc.com.br\/loja\/wp-json\/wp\/v2\/types\/product"}],"replies":[{"embeddable":true,"href":"http:\/\/www.bikeabc.com.br\/loja\/wp-json\/wp\/v2\/comments?post=6826"}],"wp:featuredmedia":[{"embeddable":true,"href":"http:\/\/www.bikeabc.com.br\/loja\/wp-json\/wp\/v2\/media\/6831"}],"wp:attachment":[{"href":"http:\/\/www.bikeabc.com.br\/loja\/wp-json\/wp\/v2\/media?parent=6826"}],"wp:term":[{"taxonomy":"product_brand","embeddable":true,"href":"http:\/\/www.bikeabc.com.br\/loja\/wp-json\/wp\/v2\/product_brand?post=6826"},{"taxonomy":"product_cat","embeddable":true,"href":"http:\/\/www.bikeabc.com.br\/loja\/wp-json\/wp\/v2\/product_cat?post=6826"},{"taxonomy":"product_tag","embeddable":true,"href":"http:\/\/www.bikeabc.com.br\/loja\/wp-json\/wp\/v2\/product_tag?post=6826"}],"curies":[{"name":"wp","href":"https:\/\/api.w.org\/{rel}","templated":true}]}}