{"id":1269,"date":"2020-05-04T04:28:00","date_gmt":"2020-05-04T07:28:00","guid":{"rendered":"http:\/\/www.bikeabc.com.br\/loja\/produto\/kit-reparo-para-camaras-vipal\/"},"modified":"2021-06-23T16:51:50","modified_gmt":"2021-06-23T19:51:50","slug":"kit-reparo-para-camaras-vipal","status":"publish","type":"product","link":"http:\/\/www.bikeabc.com.br\/loja\/produto\/kit-reparo-para-camaras-vipal\/","title":{"rendered":"Kit Reparo para C\u00e2maras VIPAL"},"content":{"rendered":"<p>NO ESTOJO CONT\u00c9M<\/p>\n<p>1 tira de reparo RV-02 de 300 x 75 mm<br \/>\n1 bisnaga de adesivo CB-01 de 20 ml\/15 g<br \/>\n1 lixa para limpeza de 68 x 37 mm<\/p>\n<p>Este estojo re\u00fane os itens para reparo de c\u00e2maras de ar de bicicletas em uma pr\u00e1tica embalagem, para que o ciclista possa carreg\u00e1-la consigo aonde for. Qualquer imprevisto pode ser resolvido com estes produtos, que s\u00e3o facilmente aplicados pelo processo de ades\u00e3o.<\/p>\n","protected":false},"excerpt":{"rendered":"<p>NO ESTOJO CONT\u00c9M<\/p>\n<p>1 tira de reparo RV-02 de 300 x 75 mm<br \/>\n1 bisnaga de adesivo CB-01 de 20 ml\/15 g<br \/>\n1 lixa para limpeza de 68 x 37 mm<\/p>\n<p>Este estojo re\u00fane os itens para reparo de c\u00e2maras de ar de bicicletas em uma pr\u00e1tica embalagem, para que o ciclista possa carreg\u00e1-la consigo aonde for. Qualquer imprevisto pode ser resolvido com estes produtos, que s\u00e3o facilmente aplicados pelo processo de ades\u00e3o.<\/p>\n","protected":false},"featured_media":5884,"comment_status":"open","ping_status":"closed","template":"","meta":[],"product_brand":[],"product_cat":[119],"product_tag":[],"class_list":{"0":"post-1269","1":"product","2":"type-product","3":"status-publish","4":"has-post-thumbnail","6":"product_cat-reparos-acessorios","7":"entry","8":"has-media","10":"first","11":"instock","12":"shipping-taxable","13":"purchasable","14":"product-type-simple","15":"col","16":"span_1_of_3","17":"wvn-content-left","18":"wvn-thumbs-layout-horizontal","19":"wvn-btn-normal","20":"wvn-tabs-layout-horizontal","21":"has-no-thumbnails"},"_links":{"self":[{"href":"http:\/\/www.bikeabc.com.br\/loja\/wp-json\/wp\/v2\/product\/1269","targetHints":{"allow":["GET"]}}],"collection":[{"href":"http:\/\/www.bikeabc.com.br\/loja\/wp-json\/wp\/v2\/product"}],"about":[{"href":"http:\/\/www.bikeabc.com.br\/loja\/wp-json\/wp\/v2\/types\/product"}],"replies":[{"embeddable":true,"href":"http:\/\/www.bikeabc.com.br\/loja\/wp-json\/wp\/v2\/comments?post=1269"}],"wp:featuredmedia":[{"embeddable":true,"href":"http:\/\/www.bikeabc.com.br\/loja\/wp-json\/wp\/v2\/media\/5884"}],"wp:attachment":[{"href":"http:\/\/www.bikeabc.com.br\/loja\/wp-json\/wp\/v2\/media?parent=1269"}],"wp:term":[{"taxonomy":"product_brand","embeddable":true,"href":"http:\/\/www.bikeabc.com.br\/loja\/wp-json\/wp\/v2\/product_brand?post=1269"},{"taxonomy":"product_cat","embeddable":true,"href":"http:\/\/www.bikeabc.com.br\/loja\/wp-json\/wp\/v2\/product_cat?post=1269"},{"taxonomy":"product_tag","embeddable":true,"href":"http:\/\/www.bikeabc.com.br\/loja\/wp-json\/wp\/v2\/product_tag?post=1269"}],"curies":[{"name":"wp","href":"https:\/\/api.w.org\/{rel}","templated":true}]}}