{"id":1243,"date":"2020-05-04T04:28:00","date_gmt":"2020-05-04T07:28:00","guid":{"rendered":"http:\/\/www.bikeabc.com.br\/loja\/produto\/oleo-mineral-shimano-para-freio-a-disco-50ml\/"},"modified":"2020-06-24T12:35:07","modified_gmt":"2020-06-24T15:35:07","slug":"oleo-mineral-shimano-para-freio-a-disco-50ml","status":"publish","type":"product","link":"http:\/\/www.bikeabc.com.br\/loja\/produto\/oleo-mineral-shimano-para-freio-a-disco-50ml\/","title":{"rendered":"\u00d3leo Mineral Shimano Para Freio \u00e0 Disco 50ml"},"content":{"rendered":"<p>Informa\u00e7\u00f5es T\u00e9cnicas<\/p>\n<p>\u00d3leo Mineral espec\u00edfico para freio \u00e0 disco hidr\u00e1ulico Shimano.<\/p>\n<p>\u00d3leo Mineral n\u00e3o higrosc\u00f3pico, que fornece fluidez superior e uma viscosidade quando comparado com Flu\u00eddo Dot.<br \/>\nInclui tubo para sangria.<br \/>\nRecomenda-se uma unidade para sangria do par de freios e duas unidades para troca total de \u00f3leo.<\/p>\n","protected":false},"excerpt":{"rendered":"<p>Informa\u00e7\u00f5es T\u00e9cnicas<\/p>\n<p>\u00d3leo Mineral espec\u00edfico para freio \u00e0 disco hidr\u00e1ulico Shimano.<\/p>\n<p>\u00d3leo Mineral n\u00e3o higrosc\u00f3pico, que fornece fluidez superior e uma viscosidade quando comparado com Flu\u00eddo Dot.<br \/>\nInclui tubo para sangria.<br \/>\nRecomenda-se uma unidade para sangria do par de freios e duas unidades para troca total de \u00f3leo.<\/p>\n","protected":false},"featured_media":5699,"comment_status":"open","ping_status":"closed","template":"","meta":[],"product_brand":[],"product_cat":[114],"product_tag":[],"class_list":{"0":"post-1243","1":"product","2":"type-product","3":"status-publish","4":"has-post-thumbnail","6":"product_cat-ferramentas-acessorios","7":"entry","8":"has-media","10":"first","11":"onbackorder","12":"shipping-taxable","13":"product-type-simple","14":"col","15":"span_1_of_3","16":"wvn-content-left","17":"wvn-thumbs-layout-horizontal","18":"wvn-btn-normal","19":"wvn-tabs-layout-horizontal"},"_links":{"self":[{"href":"http:\/\/www.bikeabc.com.br\/loja\/wp-json\/wp\/v2\/product\/1243","targetHints":{"allow":["GET"]}}],"collection":[{"href":"http:\/\/www.bikeabc.com.br\/loja\/wp-json\/wp\/v2\/product"}],"about":[{"href":"http:\/\/www.bikeabc.com.br\/loja\/wp-json\/wp\/v2\/types\/product"}],"replies":[{"embeddable":true,"href":"http:\/\/www.bikeabc.com.br\/loja\/wp-json\/wp\/v2\/comments?post=1243"}],"wp:featuredmedia":[{"embeddable":true,"href":"http:\/\/www.bikeabc.com.br\/loja\/wp-json\/wp\/v2\/media\/5699"}],"wp:attachment":[{"href":"http:\/\/www.bikeabc.com.br\/loja\/wp-json\/wp\/v2\/media?parent=1243"}],"wp:term":[{"taxonomy":"product_brand","embeddable":true,"href":"http:\/\/www.bikeabc.com.br\/loja\/wp-json\/wp\/v2\/product_brand?post=1243"},{"taxonomy":"product_cat","embeddable":true,"href":"http:\/\/www.bikeabc.com.br\/loja\/wp-json\/wp\/v2\/product_cat?post=1243"},{"taxonomy":"product_tag","embeddable":true,"href":"http:\/\/www.bikeabc.com.br\/loja\/wp-json\/wp\/v2\/product_tag?post=1243"}],"curies":[{"name":"wp","href":"https:\/\/api.w.org\/{rel}","templated":true}]}}