{"id":1225,"date":"2020-05-04T04:28:00","date_gmt":"2020-05-04T07:28:00","guid":{"rendered":"http:\/\/www.bikeabc.com.br\/loja\/produto\/fita-anti-furo-aro-29-verde-par\/"},"modified":"2021-06-23T16:50:15","modified_gmt":"2021-06-23T19:50:15","slug":"fita-anti-furo-aro-29-verde-par","status":"publish","type":"product","link":"http:\/\/www.bikeabc.com.br\/loja\/produto\/fita-anti-furo-aro-29-verde-par\/","title":{"rendered":"Fita Anti Furo Aro 29 Verde (Par)"},"content":{"rendered":"<p>A fita anti furo possui um desing que garante perfeito ajuste entre a c\u00e2mara e<\/p>\n<p>o pneu, garantindo total prote\u00e7\u00e3o, com alto desempenho, conforto e m\u00ednimo peso.<\/p>\n<p>N\u00e3o \u00e9 t\u00f3xica e pode ser reaproveitada na troca dos pneus.<\/p>\n<p>Para maior durabilidade do produto mantenha seus pneus sempre calibrados.<\/p>\n<p>Sugerimos que a coloca\u00e7\u00e3o seja feita em oficinas especializadas.<\/p>\n<p>Para bicicletas Aro 29&#8243;<\/p>\n","protected":false},"excerpt":{"rendered":"<p>A fita anti furo possui um desing que garante perfeito ajuste entre a c\u00e2mara e<\/p>\n<p>o pneu, garantindo total prote\u00e7\u00e3o, com alto desempenho, conforto e m\u00ednimo peso.<\/p>\n<p>N\u00e3o \u00e9 t\u00f3xica e pode ser reaproveitada na troca dos pneus.<\/p>\n<p>Para maior durabilidade do produto mantenha seus pneus sempre calibrados.<\/p>\n<p>Sugerimos que a coloca\u00e7\u00e3o seja feita em oficinas especializadas.<\/p>\n<p>Para bicicletas Aro 29&#8243;<\/p>\n","protected":false},"featured_media":0,"comment_status":"open","ping_status":"closed","template":"","meta":[],"product_brand":[],"product_cat":[107],"product_tag":[],"class_list":{"0":"post-1225","1":"product","2":"type-product","3":"status-publish","5":"product_cat-aro-acessorios","6":"entry","8":"first","9":"instock","10":"shipping-taxable","11":"purchasable","12":"product-type-simple","13":"col","14":"span_1_of_3","15":"wvn-content-left","16":"wvn-thumbs-layout-horizontal","17":"wvn-btn-normal","18":"wvn-tabs-layout-horizontal","19":"has-no-thumbnails"},"_links":{"self":[{"href":"http:\/\/www.bikeabc.com.br\/loja\/wp-json\/wp\/v2\/product\/1225","targetHints":{"allow":["GET"]}}],"collection":[{"href":"http:\/\/www.bikeabc.com.br\/loja\/wp-json\/wp\/v2\/product"}],"about":[{"href":"http:\/\/www.bikeabc.com.br\/loja\/wp-json\/wp\/v2\/types\/product"}],"replies":[{"embeddable":true,"href":"http:\/\/www.bikeabc.com.br\/loja\/wp-json\/wp\/v2\/comments?post=1225"}],"wp:attachment":[{"href":"http:\/\/www.bikeabc.com.br\/loja\/wp-json\/wp\/v2\/media?parent=1225"}],"wp:term":[{"taxonomy":"product_brand","embeddable":true,"href":"http:\/\/www.bikeabc.com.br\/loja\/wp-json\/wp\/v2\/product_brand?post=1225"},{"taxonomy":"product_cat","embeddable":true,"href":"http:\/\/www.bikeabc.com.br\/loja\/wp-json\/wp\/v2\/product_cat?post=1225"},{"taxonomy":"product_tag","embeddable":true,"href":"http:\/\/www.bikeabc.com.br\/loja\/wp-json\/wp\/v2\/product_tag?post=1225"}],"curies":[{"name":"wp","href":"https:\/\/api.w.org\/{rel}","templated":true}]}}