{"id":6485,"date":"2020-06-29T11:53:41","date_gmt":"2020-06-29T14:53:41","guid":{"rendered":"http:\/\/www.bikeabc.com.br\/loja\/?page_id=6485"},"modified":"2020-06-29T14:00:07","modified_gmt":"2020-06-29T17:00:07","slug":"a-rocomo-historia","status":"publish","type":"page","link":"http:\/\/www.bikeabc.com.br\/loja\/a-rocomo-historia\/","title":{"rendered":"A Rocomo &#8211; Hist\u00f3ria"},"content":{"rendered":"\t\t<div data-elementor-type=\"wp-post\" data-elementor-id=\"6485\" class=\"elementor elementor-6485\" data-elementor-settings=\"[]\">\n\t\t\t<div class=\"elementor-inner\">\n\t\t\t\t<div class=\"elementor-section-wrap\">\n\t\t\t\t\t\t\t<section class=\"has_ae_slider elementor-element elementor-element-d8142e3 elementor-section-boxed elementor-section-height-default elementor-section-height-default ae-bg-gallery-type-default elementor-section elementor-top-section\" data-id=\"d8142e3\" data-element_type=\"section\">\n\t\t\t\t\t\t<div class=\"elementor-container elementor-column-gap-default\">\n\t\t\t\t<div class=\"elementor-row\">\n\t\t\t\t<div class=\"has_ae_slider elementor-element elementor-element-6dc1086 ae-bg-gallery-type-default elementor-column elementor-col-100 elementor-top-column\" data-id=\"6dc1086\" data-element_type=\"column\">\n\t\t\t<div class=\"elementor-column-wrap  elementor-element-populated\">\n\t\t\t\t\t<div class=\"elementor-widget-wrap\">\n\t\t\t\t<div class=\"elementor-element elementor-element-97ce5b7 elementor-widget elementor-widget-heading\" data-id=\"97ce5b7\" data-element_type=\"widget\" data-widget_type=\"heading.default\">\n\t\t\t\t<div class=\"elementor-widget-container\">\n\t\t\t<h2 class=\"elementor-heading-title elementor-size-default\">A <span style=\"color:#076E32;font-family: 'Droid Serif';font-style: italic;\">ROCOMO<\/span><\/h2>\t\t<\/div>\n\t\t\t\t<\/div>\n\t\t\t\t\t\t<\/div>\n\t\t\t<\/div>\n\t\t<\/div>\n\t\t\t\t\t\t<\/div>\n\t\t\t<\/div>\n\t\t<\/section>\n\t\t\t\t<section class=\"has_ae_slider elementor-element elementor-element-9235bcd elementor-section-boxed elementor-section-height-default elementor-section-height-default ae-bg-gallery-type-default elementor-section elementor-top-section\" data-id=\"9235bcd\" data-element_type=\"section\">\n\t\t\t\t\t\t<div class=\"elementor-container elementor-column-gap-default\">\n\t\t\t\t<div class=\"elementor-row\">\n\t\t\t\t<div class=\"has_ae_slider elementor-element elementor-element-31c2404 ae-bg-gallery-type-default elementor-column elementor-col-50 elementor-top-column\" data-id=\"31c2404\" data-element_type=\"column\" data-settings=\"{&quot;background_background&quot;:&quot;classic&quot;}\">\n\t\t\t<div class=\"elementor-column-wrap  elementor-element-populated\">\n\t\t\t\t\t<div class=\"elementor-widget-wrap\">\n\t\t\t\t<div class=\"elementor-element elementor-element-60654cb elementor-widget elementor-widget-heading\" data-id=\"60654cb\" data-element_type=\"widget\" id=\"historia\" data-widget_type=\"heading.default\">\n\t\t\t\t<div class=\"elementor-widget-container\">\n\t\t\t<h1 class=\"elementor-heading-title elementor-size-default\">NOSSA HIST\u00d3RIA<\/h1>\t\t<\/div>\n\t\t\t\t<\/div>\n\t\t\t\t\t\t<\/div>\n\t\t\t<\/div>\n\t\t<\/div>\n\t\t\t\t<div class=\"has_ae_slider elementor-element elementor-element-a1bb45e ae-bg-gallery-type-default elementor-column elementor-col-50 elementor-top-column\" data-id=\"a1bb45e\" data-element_type=\"column\">\n\t\t\t<div class=\"elementor-column-wrap  elementor-element-populated\">\n\t\t\t\t\t<div class=\"elementor-widget-wrap\">\n\t\t\t\t<div class=\"elementor-element elementor-element-ca8f294 elementor-widget elementor-widget-text-editor\" data-id=\"ca8f294\" data-element_type=\"widget\" data-widget_type=\"text-editor.default\">\n\t\t\t\t<div class=\"elementor-widget-container\">\n\t\t\t\t\t<div class=\"elementor-text-editor elementor-clearfix\"><p>Criada em 1986, as lojas ROCOMO vem se solidificando no mercado de bicicletas a\u00a0cada ano.<\/p><p>Este crescimento deve-se \u00e0 filosofia adotada desde sua\u00a0cria\u00e7\u00e3o, oferecer o m\u00e1ximo em qualidade e atendimento\u00a0aos seus clientes, com diversidade de produtos e\u00a0excelentes pre\u00e7os.<\/p><p>Durante estes anos, a ROCOMO passou a\u00a0oferecer as melhores op\u00e7\u00f5es em bicicletas e acess\u00f3rios\u00a0para todos os modelos, desde, os modelos infantis, at\u00e9 as mais sofisticadas Montain Bikes ou Speed.<\/p><p>Contamos com uma equipe de funcion\u00e1rios selecionada e\u00a0treinada, para que nossos clientes encontrem a bicicleta que almejam,\u00a0assim como, uma m\u00e3o de obra especializada para melhor\u00a0manuten\u00e7\u00e3o das mesmas.<\/p><p>O grande diferencial de nossa empresa est\u00e1 na montagem\u00a0artesanal das bicicletas, onde nossos montadores\u00a0trabalham minuciosamente em cada bicicleta, diferindo-se\u00a0em muito, das montadas em linhas de produ\u00e7\u00e3o.<\/p><p>Nosso compromisso consiste em suprir as necessidades,\u00a0na venda de produtos e presta\u00e7\u00e3o de servi\u00e7os, sempre\u00a0buscando as novidades e os lan\u00e7amentos das marcas mais\u00a0conceituadas do planeta.\u00a0A ROCOMO tem como meta, aprimorar-se a cada dia,\u00a0oferecendo sempre os melhores produtos, negociando\u00a0diretamente com os importadores e fabricantes, eliminando\u00a0os intermedi\u00e1rios e tornando seus produtos mais\u00a0acess\u00edveis, com certeza de qualidade e de\u00a0proced\u00eancia.<\/p><p>Hoje a nossa empresa importa quadros em alum\u00ednio,\u00a0suportes de guid\u00e3o, guid\u00f5es, canotes de selim, abra\u00e7adeiras\u00a0de selim e sistema de freios a discos completos, com cubos\u00a0de blocagem r\u00e1pida, tudo com a marca ROCOMO escolhendo\u00a0sempre as melhores fabricas no exterior.<\/p><\/div>\n\t\t\t\t<\/div>\n\t\t\t\t<\/div>\n\t\t\t\t\t\t<\/div>\n\t\t\t<\/div>\n\t\t<\/div>\n\t\t\t\t\t\t<\/div>\n\t\t\t<\/div>\n\t\t<\/section>\n\t\t\t\t<section class=\"has_ae_slider elementor-element elementor-element-6e94aa4 elementor-section-stretched elementor-section-boxed elementor-section-height-default elementor-section-height-default ae-bg-gallery-type-default elementor-section elementor-top-section\" data-id=\"6e94aa4\" data-element_type=\"section\" data-settings=\"{&quot;stretch_section&quot;:&quot;section-stretched&quot;,&quot;background_background&quot;:&quot;classic&quot;}\">\n\t\t\t\t\t\t<div class=\"elementor-container elementor-column-gap-default\">\n\t\t\t\t<div class=\"elementor-row\">\n\t\t\t\t<div class=\"has_ae_slider elementor-element elementor-element-0dd9f1c ae-bg-gallery-type-default elementor-column elementor-col-25 elementor-top-column\" data-id=\"0dd9f1c\" data-element_type=\"column\">\n\t\t\t<div class=\"elementor-column-wrap  elementor-element-populated\">\n\t\t\t\t\t<div class=\"elementor-widget-wrap\">\n\t\t\t\t<div class=\"elementor-element elementor-element-f4a3d55 elementor-view-default elementor-vertical-align-top elementor-widget elementor-widget-icon-box\" data-id=\"f4a3d55\" data-element_type=\"widget\" data-widget_type=\"icon-box.default\">\n\t\t\t\t<div class=\"elementor-widget-container\">\n\t\t\t\t\t<div class=\"elementor-icon-box-wrapper\">\n\t\t\t\t\t\t<div class=\"elementor-icon-box-content\">\n\t\t\t\t<h3 class=\"elementor-icon-box-title\">\n\t\t\t\t\t<span >100%<\/span>\n\t\t\t\t<\/h3>\n\t\t\t\t\t\t\t\t<p class=\"elementor-icon-box-description\">confian\u00e7a! todos produtos com garantia!<\/p>\n\t\t\t\t\t\t\t<\/div>\n\t\t<\/div>\n\t\t\t\t<\/div>\n\t\t\t\t<\/div>\n\t\t\t\t\t\t<\/div>\n\t\t\t<\/div>\n\t\t<\/div>\n\t\t\t\t<div class=\"has_ae_slider elementor-element elementor-element-9ec17f6 ae-bg-gallery-type-default elementor-column elementor-col-25 elementor-top-column\" data-id=\"9ec17f6\" data-element_type=\"column\">\n\t\t\t<div class=\"elementor-column-wrap  elementor-element-populated\">\n\t\t\t\t\t<div class=\"elementor-widget-wrap\">\n\t\t\t\t<div class=\"elementor-element elementor-element-339add2 elementor-view-default elementor-vertical-align-top elementor-widget elementor-widget-icon-box\" data-id=\"339add2\" data-element_type=\"widget\" data-widget_type=\"icon-box.default\">\n\t\t\t\t<div class=\"elementor-widget-container\">\n\t\t\t\t\t<div class=\"elementor-icon-box-wrapper\">\n\t\t\t\t\t\t<div class=\"elementor-icon-box-content\">\n\t\t\t\t<h3 class=\"elementor-icon-box-title\">\n\t\t\t\t\t<span >+30 <\/span>\n\t\t\t\t<\/h3>\n\t\t\t\t\t\t\t\t<p class=\"elementor-icon-box-description\">mais de 30 anos no mercado!<\/p>\n\t\t\t\t\t\t\t<\/div>\n\t\t<\/div>\n\t\t\t\t<\/div>\n\t\t\t\t<\/div>\n\t\t\t\t\t\t<\/div>\n\t\t\t<\/div>\n\t\t<\/div>\n\t\t\t\t<div class=\"has_ae_slider elementor-element elementor-element-6769e5f ae-bg-gallery-type-default elementor-column elementor-col-25 elementor-top-column\" data-id=\"6769e5f\" data-element_type=\"column\">\n\t\t\t<div class=\"elementor-column-wrap  elementor-element-populated\">\n\t\t\t\t\t<div class=\"elementor-widget-wrap\">\n\t\t\t\t<div class=\"elementor-element elementor-element-5f87296 elementor-view-default elementor-vertical-align-top elementor-widget elementor-widget-icon-box\" data-id=\"5f87296\" data-element_type=\"widget\" data-widget_type=\"icon-box.default\">\n\t\t\t\t<div class=\"elementor-widget-container\">\n\t\t\t\t\t<div class=\"elementor-icon-box-wrapper\">\n\t\t\t\t\t\t<div class=\"elementor-icon-box-content\">\n\t\t\t\t<h3 class=\"elementor-icon-box-title\">\n\t\t\t\t\t<span >+100<\/span>\n\t\t\t\t<\/h3>\n\t\t\t\t\t\t\t\t<p class=\"elementor-icon-box-description\">mais de 100 produtos de alta qualidade<\/p>\n\t\t\t\t\t\t\t<\/div>\n\t\t<\/div>\n\t\t\t\t<\/div>\n\t\t\t\t<\/div>\n\t\t\t\t\t\t<\/div>\n\t\t\t<\/div>\n\t\t<\/div>\n\t\t\t\t<div class=\"has_ae_slider elementor-element elementor-element-d4d097e ae-bg-gallery-type-default elementor-column elementor-col-25 elementor-top-column\" data-id=\"d4d097e\" data-element_type=\"column\">\n\t\t\t<div class=\"elementor-column-wrap  elementor-element-populated\">\n\t\t\t\t\t<div class=\"elementor-widget-wrap\">\n\t\t\t\t<div class=\"elementor-element elementor-element-0f2dbd9 elementor-view-default elementor-vertical-align-top elementor-widget elementor-widget-icon-box\" data-id=\"0f2dbd9\" data-element_type=\"widget\" data-widget_type=\"icon-box.default\">\n\t\t\t\t<div class=\"elementor-widget-container\">\n\t\t\t\t\t<div class=\"elementor-icon-box-wrapper\">\n\t\t\t\t\t\t<div class=\"elementor-icon-box-content\">\n\t\t\t\t<h3 class=\"elementor-icon-box-title\">\n\t\t\t\t\t<span >100%<\/span>\n\t\t\t\t<\/h3>\n\t\t\t\t\t\t\t\t<p class=\"elementor-icon-box-description\">de satisfa\u00e7\u00e3o de nossos clientes<\/p>\n\t\t\t\t\t\t\t<\/div>\n\t\t<\/div>\n\t\t\t\t<\/div>\n\t\t\t\t<\/div>\n\t\t\t\t\t\t<\/div>\n\t\t\t<\/div>\n\t\t<\/div>\n\t\t\t\t\t\t<\/div>\n\t\t\t<\/div>\n\t\t<\/section>\n\t\t\t\t\t\t<\/div>\n\t\t\t<\/div>\n\t\t<\/div>\n\t\t","protected":false},"excerpt":{"rendered":"<p>A ROCOMO NOSSA HIST\u00d3RIA Criada em 1986, as lojas ROCOMO vem se solidificando no mercado de bicicletas a\u00a0cada ano. Este crescimento deve-se \u00e0 filosofia adotada desde sua\u00a0cria\u00e7\u00e3o, oferecer o m\u00e1ximo em qualidade e atendimento\u00a0aos seus clientes, com diversidade de produtos e\u00a0excelentes pre\u00e7os. Durante estes anos, a ROCOMO passou a\u00a0oferecer as melhores op\u00e7\u00f5es em bicicletas e [&hellip;]<\/p>\n","protected":false},"author":1,"featured_media":0,"parent":0,"menu_order":0,"comment_status":"closed","ping_status":"closed","template":"","meta":{"footnotes":""},"yst_prominent_words":[],"class_list":["post-6485","page","type-page","status-publish","hentry","entry","wvn-thumbs-layout-horizontal","wvn-btn-normal","wvn-tabs-layout-horizontal","has-no-thumbnails"],"_links":{"self":[{"href":"http:\/\/www.bikeabc.com.br\/loja\/wp-json\/wp\/v2\/pages\/6485","targetHints":{"allow":["GET"]}}],"collection":[{"href":"http:\/\/www.bikeabc.com.br\/loja\/wp-json\/wp\/v2\/pages"}],"about":[{"href":"http:\/\/www.bikeabc.com.br\/loja\/wp-json\/wp\/v2\/types\/page"}],"author":[{"embeddable":true,"href":"http:\/\/www.bikeabc.com.br\/loja\/wp-json\/wp\/v2\/users\/1"}],"replies":[{"embeddable":true,"href":"http:\/\/www.bikeabc.com.br\/loja\/wp-json\/wp\/v2\/comments?post=6485"}],"version-history":[{"count":6,"href":"http:\/\/www.bikeabc.com.br\/loja\/wp-json\/wp\/v2\/pages\/6485\/revisions"}],"predecessor-version":[{"id":6510,"href":"http:\/\/www.bikeabc.com.br\/loja\/wp-json\/wp\/v2\/pages\/6485\/revisions\/6510"}],"wp:attachment":[{"href":"http:\/\/www.bikeabc.com.br\/loja\/wp-json\/wp\/v2\/media?parent=6485"}],"wp:term":[{"taxonomy":"yst_prominent_words","embeddable":true,"href":"http:\/\/www.bikeabc.com.br\/loja\/wp-json\/wp\/v2\/yst_prominent_words?post=6485"}],"curies":[{"name":"wp","href":"https:\/\/api.w.org\/{rel}","templated":true}]}}